[INFO] cloning repository https://github.com/EerikSaksi/stat_buff_wasm
[INFO] running `Command { std: "git" "-c" "credential.helper=" "-c" "credential.helper=/workspace/cargo-home/bin/git-credential-null" "clone" "--bare" "https://github.com/EerikSaksi/stat_buff_wasm" "/workspace/cache/git-repos/https%3A%2F%2Fgithub.com%2FEerikSaksi%2Fstat_buff_wasm", kill_on_drop: false }`
[INFO] [stderr] Cloning into bare repository '/workspace/cache/git-repos/https%3A%2F%2Fgithub.com%2FEerikSaksi%2Fstat_buff_wasm'...
[INFO] running `Command { std: "git" "rev-parse" "HEAD", kill_on_drop: false }`
[INFO] [stdout] f53ce667f84a0d27a6295c3574d6521486144223
[INFO] checking EerikSaksi/stat_buff_wasm against master#e6e4f7ed1589e03bc2f6c5931c1a72e7947e8682 for beta-170-4
[INFO] running `Command { std: "git" "clone" "/workspace/cache/git-repos/https%3A%2F%2Fgithub.com%2FEerikSaksi%2Fstat_buff_wasm" "/workspace/builds/worker-3-tc2/source", kill_on_drop: false }`
[INFO] [stderr] Cloning into '/workspace/builds/worker-3-tc2/source'...
[INFO] [stderr] done.
[INFO] validating manifest of git repo https://github.com/EerikSaksi/stat_buff_wasm on toolchain e6e4f7ed1589e03bc2f6c5931c1a72e7947e8682
[INFO] running `Command { std: CARGO_HOME="/workspace/cargo-home" RUSTUP_HOME="/workspace/rustup-home" "/workspace/cargo-home/bin/cargo" "+e6e4f7ed1589e03bc2f6c5931c1a72e7947e8682" "metadata" "--manifest-path" "Cargo.toml" "--no-deps", kill_on_drop: false }`
[INFO] started tweaking git repo https://github.com/EerikSaksi/stat_buff_wasm
[INFO] finished tweaking git repo https://github.com/EerikSaksi/stat_buff_wasm
[INFO] tweaked toml for git repo https://github.com/EerikSaksi/stat_buff_wasm written to /workspace/builds/worker-3-tc2/source/Cargo.toml
[INFO] crate git repo https://github.com/EerikSaksi/stat_buff_wasm already has a lockfile, it will not be regenerated
[INFO] running `Command { std: CARGO_HOME="/workspace/cargo-home" RUSTUP_HOME="/workspace/rustup-home" "/workspace/cargo-home/bin/cargo" "+e6e4f7ed1589e03bc2f6c5931c1a72e7947e8682" "fetch" "--manifest-path" "Cargo.toml", kill_on_drop: false }`
[INFO] running `Command { std: "docker" "create" "-v" "/var/lib/crater-agent-workspace/builds/worker-3-tc2/target:/opt/rustwide/target:rw,Z" "-v" "/var/lib/crater-agent-workspace/builds/worker-3-tc2/source:/opt/rustwide/workdir:ro,Z" "-v" "/var/lib/crater-agent-workspace/cargo-home:/opt/rustwide/cargo-home:ro,Z" "-v" "/var/lib/crater-agent-workspace/rustup-home:/opt/rustwide/rustup-home:ro,Z" "-e" "SOURCE_DIR=/opt/rustwide/workdir" "-e" "CARGO_TARGET_DIR=/opt/rustwide/target" "-e" "CARGO_HOME=/opt/rustwide/cargo-home" "-e" "RUSTUP_HOME=/opt/rustwide/rustup-home" "-w" "/opt/rustwide/workdir" "-m" "1610612736" "--user" "0:0" "--network" "none" "ghcr.io/rust-lang/crates-build-env/linux@sha256:5ff2268d62e97bff2cde7d5815dd6ed5b47097566f13b8d0ca110b04b60e07ed" "/opt/rustwide/cargo-home/bin/cargo" "+e6e4f7ed1589e03bc2f6c5931c1a72e7947e8682" "metadata" "--no-deps" "--format-version=1", kill_on_drop: false }`
[INFO] [stdout] d4c36b644776df732f44f3a2276ab4e77eed40f605f42604f2a89b9c1e43fcae
[INFO] running `Command { std: "docker" "start" "-a" "d4c36b644776df732f44f3a2276ab4e77eed40f605f42604f2a89b9c1e43fcae", kill_on_drop: false }`
[INFO] running `Command { std: "docker" "inspect" "d4c36b644776df732f44f3a2276ab4e77eed40f605f42604f2a89b9c1e43fcae", kill_on_drop: false }`
[INFO] running `Command { std: "docker" "rm" "-f" "d4c36b644776df732f44f3a2276ab4e77eed40f605f42604f2a89b9c1e43fcae", kill_on_drop: false }`
[INFO] [stdout] d4c36b644776df732f44f3a2276ab4e77eed40f605f42604f2a89b9c1e43fcae
[INFO] running `Command { std: "docker" "create" "-v" "/var/lib/crater-agent-workspace/builds/worker-3-tc2/target:/opt/rustwide/target:rw,Z" "-v" "/var/lib/crater-agent-workspace/builds/worker-3-tc2/source:/opt/rustwide/workdir:ro,Z" "-v" "/var/lib/crater-agent-workspace/cargo-home:/opt/rustwide/cargo-home:ro,Z" "-v" "/var/lib/crater-agent-workspace/rustup-home:/opt/rustwide/rustup-home:ro,Z" "-e" "SOURCE_DIR=/opt/rustwide/workdir" "-e" "CARGO_TARGET_DIR=/opt/rustwide/target" "-e" "CARGO_INCREMENTAL=0" "-e" "RUST_BACKTRACE=full" "-e" "RUSTFLAGS=--cap-lints=forbid" "-e" "RUSTDOCFLAGS=--cap-lints=forbid" "-e" "CARGO_HOME=/opt/rustwide/cargo-home" "-e" "RUSTUP_HOME=/opt/rustwide/rustup-home" "-w" "/opt/rustwide/workdir" "-m" "1610612736" "--user" "0:0" "--network" "none" "ghcr.io/rust-lang/crates-build-env/linux@sha256:5ff2268d62e97bff2cde7d5815dd6ed5b47097566f13b8d0ca110b04b60e07ed" "/opt/rustwide/cargo-home/bin/cargo" "+e6e4f7ed1589e03bc2f6c5931c1a72e7947e8682" "check" "--frozen" "--all" "--all-targets" "--message-format=json", kill_on_drop: false }`
[INFO] [stdout] 68c2c3de2c9cc3ea02956d36df85a3d22eed4dde425d85f21560b5d5a918efc6
[INFO] running `Command { std: "docker" "start" "-a" "68c2c3de2c9cc3ea02956d36df85a3d22eed4dde425d85f21560b5d5a918efc6", kill_on_drop: false }`
[INFO] [stderr]    Compiling proc-macro2 v1.0.36
[INFO] [stderr]    Compiling syn v1.0.86
[INFO] [stderr]    Compiling wasm-bindgen-shared v0.2.79
[INFO] [stderr]    Compiling lazy_static v1.4.0
[INFO] [stderr]    Compiling serde_derive v1.0.136
[INFO] [stderr]    Compiling bumpalo v3.9.1
[INFO] [stderr]    Compiling serde v1.0.136
[INFO] [stderr]    Compiling serde_json v1.0.79
[INFO] [stderr]     Checking itoa v1.0.1
[INFO] [stderr]     Checking ryu v1.0.9
[INFO] [stderr]    Compiling wasm-bindgen v0.2.79
[INFO] [stderr]    Compiling log v0.4.14
[INFO] [stderr]    Compiling indexmap v1.8.0
[INFO] [stderr]    Compiling boolinator v2.4.0
[INFO] [stderr]     Checking scoped-tls-hkt v0.1.2
[INFO] [stderr]     Checking slab v0.4.5
[INFO] [stderr]    Compiling quote v1.0.15
[INFO] [stderr]    Compiling proc-macro-error-attr v1.0.4
[INFO] [stderr]    Compiling wasm-bindgen-backend v0.2.79
[INFO] [stderr]    Compiling proc-macro-error v1.0.4
[INFO] [stderr]    Compiling thiserror-impl v1.0.30
[INFO] [stderr]    Compiling yew-macro v0.19.3
[INFO] [stderr]    Compiling wasm-bindgen-macro-support v0.2.79
[INFO] [stderr]    Compiling wasm-bindgen-macro v0.2.79
[INFO] [stderr]     Checking thiserror v1.0.30
[INFO] [stderr]     Checking js-sys v0.3.56
[INFO] [stderr]     Checking console_error_panic_hook v0.1.7
[INFO] [stderr]     Checking web-sys v0.3.56
[INFO] [stderr]     Checking gloo-timers v0.2.3
[INFO] [stderr]     Checking wasm-bindgen-futures v0.4.29
[INFO] [stderr]     Checking gloo-events v0.1.1
[INFO] [stderr]     Checking gloo-utils v0.1.2
[INFO] [stderr]     Checking gloo-console v0.2.1
[INFO] [stderr]     Checking gloo-render v0.1.0
[INFO] [stderr]     Checking gloo-dialogs v0.1.0
[INFO] [stderr]     Checking gloo-storage v0.2.0
[INFO] [stderr]     Checking gloo-file v0.2.1
[INFO] [stderr]     Checking gloo v0.4.2
[INFO] [stderr]     Checking yew v0.19.3
[INFO] [stderr]     Checking fitness-crypto v0.1.0 (/opt/rustwide/workdir)
[INFO] [stdout] error[E0583]: file not found for module `input`
[INFO] [stdout]  --> src/main.rs:2:1
[INFO] [stdout]   |
[INFO] [stdout] 2 | mod input;
[INFO] [stdout]   | ^^^^^^^^^^
[INFO] [stdout]   |
[INFO] [stdout]   = help: to create the module `input`, create file "src/input.rs" or "src/input/mod.rs"
[INFO] [stdout] 
[INFO] [stdout] 
[INFO] [stdout] error[E0583]: file not found for module `input`
[INFO] [stdout]  --> src/main.rs:2:1
[INFO] [stdout]   |
[INFO] [stdout] 2 | mod input;
[INFO] [stdout]   | ^^^^^^^^^^
[INFO] [stdout]   |
[INFO] [stdout]   = help: to create the module `input`, create file "src/input.rs" or "src/input/mod.rs"
[INFO] [stdout] 
[INFO] [stdout] 
[INFO] [stdout] error[E0432]: unresolved import `input::Input`
[INFO] [stdout]  --> src/main.rs:3:5
[INFO] [stdout]   |
[INFO] [stdout] 3 | use input::Input;
[INFO] [stdout]   |     ^^^^^^^^^^^^ no `Input` in `input`
[INFO] [stdout] 
[INFO] [stdout] 
[INFO] [stdout] error[E0432]: unresolved import `input::Input`
[INFO] [stdout]  --> src/main.rs:3:5
[INFO] [stdout]   |
[INFO] [stdout] 3 | use input::Input;
[INFO] [stdout]   |     ^^^^^^^^^^^^ no `Input` in `input`
[INFO] [stdout] 
[INFO] [stdout] 
[INFO] [stdout] error: aborting due to 2 previous errors
[INFO] [stdout] 
[INFO] [stdout] 
[INFO] [stdout] Some errors have detailed explanations: E0432, E0583.
[INFO] [stdout] 
[INFO] [stdout] For more information about an error, try `rustc --explain E0432`.
[INFO] [stdout] 
[INFO] [stdout] error: aborting due to 2 previous errors
[INFO] [stdout] 
[INFO] [stdout] 
[INFO] [stdout] Some errors have detailed explanations: E0432, E0583.
[INFO] [stdout] 
[INFO] [stdout] For more information about an error, try `rustc --explain E0432`.
[INFO] [stdout] 
[INFO] [stderr] error: could not compile `fitness-crypto` (bin "fitness-crypto") due to 3 previous errors
[INFO] [stderr] warning: build failed, waiting for other jobs to finish...
[INFO] [stderr] error: could not compile `fitness-crypto` (bin "fitness-crypto" test) due to 3 previous errors
[INFO] running `Command { std: "docker" "inspect" "68c2c3de2c9cc3ea02956d36df85a3d22eed4dde425d85f21560b5d5a918efc6", kill_on_drop: false }`
[INFO] running `Command { std: "docker" "rm" "-f" "68c2c3de2c9cc3ea02956d36df85a3d22eed4dde425d85f21560b5d5a918efc6", kill_on_drop: false }`
[INFO] [stdout] 68c2c3de2c9cc3ea02956d36df85a3d22eed4dde425d85f21560b5d5a918efc6
